uppose -8*m + 3*m + 205 = 0. What is the remainder when m is divided by s(z)?
13
Suppose -3 = 4*p + 6*c - 5*c, -c - 3 = 3*p. Suppose 5*a - 122 + 27 = 0. What is the remainder when a is divided by p + (0 - (-4 - 3))?
5
Suppose 5*w = -92 + 447. What is the remainder when w is divided by 18?
17
Suppose 0 = -2*v + 5*v - 54. What is the remainder when v is divided by (-9 + 2 + 2)/(5/(-5))?
3
Suppose -3*n = -0*n - 9. Suppose -2*l = -4, -2*v + v - n*l = 14. Let h = v - -31. Calculate the remainder when 21 is divided by h.
10
Suppose -13 = 3*i - 4*n, 2*i - n = -0*n - 2. Suppose 4*m = 3*m - i. Calculate the remainder when (-1 + (-11)/m)/2 is divided by 2.
1
Let t = 9 - -1. What is the remainder when 58 is divided by t?
8
Let t(n) = n**3 - 7*n**2 - 7*n + 3. Let j = -17 + 25. What is the remainder when t(j) is divided by 4?
3
Suppose -4*b = w - 0*w - 46, 2*b - w = 20. Calculate the remainder when 32 is divided by b.
10
Let c = 5 + -2. Suppose -c = r - 9. Calculate the remainder when 11 is divided by r.
5
What is the remainder when (-3 + -1)*74/(-8) is divided by ((-10)/6)/(1/(-6))?
7
Suppose 0 = -4*o + 2*o + 8. Suppose 3*y + 5*m + 0*m = 158, 4*y = -o*m + 216. Calculate the remainder when y is divided by 18 + 2 + (-3 - -2).
18
Let d be (-6)/(-2) - (-4)/4. Suppose 5*j = -4*u + 68, 2*j - 34 = -u - d*u. Calculate the remainder when j is divided by 7.
5
Suppose -4*a + 58 = 2*t - 8, 101 = 4*a - 5*t. Let b be -2*2/(-4)*-2. What is the remainder when 222/9*(-3)/b is divided by a?
18
Suppose 0 = x - 7 + 3. Suppose 0 = -h + 2*h - 9. Let l = h - 7. What is the remainder when x is divided by l?
0
Suppose -4*a - b = -10 + 37, 2*a - 4*b + 18 = 0. Let u be (-6)/(-21) - 33/a. Suppose -3 = 2*w - u. What is the remainder when w is divided by 1?
0
Suppose 0 = -5*g + 4*f + 132, g + 3*f - 15 = 19. Calculate the remainder when 109 is divided by g.
25
Suppose 2*g + 2*v + 0 - 2 = 0, 0 = -2*g + v - 1. Suppose 3 = h, -b = -g*b + 4*h - 19. Calculate the remainder when b is divided by (6 - 1) + 0 + -1.
3
Let q(t) = 2*t**3 - t**2 + 4*t + 4. What is the remainder when q(3) is divided by 16?
13
Suppose b + 1 = 3. Suppose -2*v = -p - 11, b*p + 3 = 5*v - 26. Suppose 3*d + 13 = 52. What is the remainder when d is divided by v?
6
Suppose 3*c - 15 = -3*d, -3*d + 8 = -c - 3. Let l(i) = i**2 - 2*i + 2. Calculate the remainder when l(2) is divided by c.
0
Suppose -w = 2*w. Calculate the remainder when 38 is divided by w - (-13 - 0 - -3).
8
Suppose 3*k = 3*i + 9, i = 5*k - 17 + 6. Let m(u) = -12*u**3 - u**2 - u - 1. Calculate the remainder when 31 is divided by m(i).
9
Let d(m) = 2*m**3 + 3*m**2 + 3*m + 1. Let g be d(-4). Let k = 134 + -271. Let p = g - k. Calculate the remainder when p is divided by 16.
14
What is the remainder when 28 is divided by (20/(-15))/(3 - 57/18)?
4
Let z(f) = -f**2 + 5*f - 6. Let c be z(4). Let m be c/2 + (0 - -4). Suppose -m*d + 35 = 2*d. Calculate the remainder when 27 is divided by d.
6
Let j = -50 + 86. Let r = -26 + j. Let c = 25 + -19. What is the remainder when r is divided by c?
4
Suppose 2*a - 18 + 0 = 0. What is the remainder when a is divided by 2 + (-2 + 1 - -2)?
0
What is the remainder when (-9)/3 - (-63 + (-1 - -1)) is divided by 14?
4
Calculate the remainder when (-6 - -6) + 0 + 45 is divided by 24.
21
Let z = 9 - -10. Let b = z - 6. Let k = b - -1. Calculate the remainder when 41 is divided by k.
13
Let h(n) = n**2 - 3*n - 8. Calculate the remainder when h(-4) is divided by 6.
2
Let b = -22 + 37. Let o = 25 - 19. Calculate the remainder when b is divided by o.
3
Let b(q) = 16*q**2 + 3*q - 1. What is the remainder when b(-2) is divided by 15?
12
Suppose 0 = -5*y - 25, 3*j + 3*y = 9 + 27. Calculate the remainder when j is divided by 100/70*(-2)/((-2)/7).
7
Let r = 2 - -1. Calculate the remainder when 10 is divided by r.
1
Let c be ((-6)/(-4))/((-12)/(-32)). Suppose 5 - 29 = -c*t. What is the remainder when 3*4 - (2 + 0) is divided by t?
4
Suppose p + 30 = 2*p. What is the remainder when 118 is divided by p?
28
Let i be 2/(-5)*(-8 + 3). Suppose 4*c - 5*y = 41, c - 45 = -i*c - y. What is the remainder when 54 is divided by c?
12
Let j = -17 + 13. What is the remainder when (j/(-3))/((-4)/(-42)) is divided by 3?
2
Let j(r) = r**2 - r + 36. Let i be j(0). Let a = i - 24. Let p(n) = -n**3 - 5*n**2 - 2*n + 12. Calculate the remainder when p(-5) is divided by a.
10
Suppose 0 = 5*q + d - 228 - 82, -4*q + 248 = -5*d. Suppose 2*c - 5*r = 17, 2*c - 8 - 14 = 4*r. What is the remainder when q is divided by c?
20
Let j = 172 - 305. Let c = 208 + j. What is the remainder when c is divided by 19?
18
Let m(w) = 13*w**2 - w + 1. Let h be m(1). Let b = h + 14. Let q(r) = r**3 + 29*r**2 - 30*r + 7. Calculate the remainder when b is divided by q(-30).
6
Let w be 2/(-5) + 102/30. Suppose -23 = -w*j + 16. What is the remainder when 25 is divided by j?
12
Suppose -5*r - 3*g + 25 + 36 = 0, -g = -2*r + 20. Calculate the remainder when r is divided by 7.
4
Let a = 92 - 59. What is the remainder when 127 is divided by a?
28
Let o(a) = -4*a + 6. Let b be o(-4). Suppose g = -0*g + b. What is the remainder when 63 is divided by g?
19
Let i = -83 - -124. What is the remainder when i is divided by 15?
11
Let j = -16 - -22. Suppose 0 = 4*h - j*h + 158. What is the remainder when h is divided by 20?
19
Calculate the remainder when 72 is divided by 6/10 + (-354)/(-10) + 2.
34
Suppose 2*b - 13 - 9 = 0. Calculate the remainder when 32 is divided by b.
10
Suppose k = -6 + 18. Let m = 29 - 6. Let p = 11 + m. Calculate the remainder when p is divided by k.
10
Let f be (6/(-9) + 1)*6. Let o = f - -1. Suppose -3*y - 3*s + 87 = 0, o*y = y - 5*s + 43. Calculate the remainder when y is divided by 12.
10
Suppose 0*u = -4*a + 5*u + 83, 71 = 3*a - 2*u. Suppose 5*t + j = a, 3*j + 9 = 4*t - t. Calculate the remainder when t is divided by 5.
0
Suppose -3 + 117 = 6*a. Calculate the remainder when 69 is divided by a.
12
Let b = 407 - 289. Let j = b - 69. Let v(m) = -m**3 - 2*m**2 + 12*m + 2. Calculate the remainder when j is divided by v(-5).
15
Let d(a) = a**2 - a - 2. Calculate the remainder when d(-7) is divided by 28.
26
Let v(m) = -7*m - 4*m + 9*m - 2. Calculate the remainder when 22 is divided by v(-7).
10
Suppose 3*l - 5*l = 28. Suppose 79 + 29 = 5*d + 2*z, -d - 5*z = -17. Let o = l + d. What is the remainder when o is divided by 5?
3
Suppose 7*l - 11*l = -60. Let x be ((-4)/2)/((-4)/6). Suppose 36 = c + 4*f, -2*c = -0*c - x*f - 94. What is the remainder when c is divided by l?
14
Let t(m) = -12*m - 6. Let y be t(7). Let n = -62 - y. What is the remainder when 54 is divided by n?
26
Let t(l) = l**2 + 7. Let p(j) = -4*j**2 + j - 22. Let u(w) = -2*p(w) - 7*t(w). What is the remainder when 56 is divided by u(6)?
18
Let r(c) = 24*c**2 + c - 2. Let b(n) = 6*n + 8. Calculate the remainder when b(6) is divided by r(1).
21
Calculate the remainder when 11 is divided by -7*(-3 - -2)*1.
4
Let r(i) = i**2 - 7*i + 10. Let p be r(7). Let t = p - 6. Calculate the remainder when 6 is divided by t.
2
Suppose 20 = 4*d, -22 = -4*h - 5*d + 19. Suppose -4*y + 0 = -4. What is the remainder when (-3 + h)/(0 - -1) is divided by y?
0
Let l(t) = 3*t**2 + t + 1. Calculate the remainder when 4 is divided by l(-1).
1
Let w = -3 + 2. Let s be 7 + (-2 - w)*1. Suppose u = s*u - 25. Calculate the remainder when u is divided by 3.
2
Let x(w) = w**2 + 4*w - 10. Let n = 5 + -2. Let f be (n/4)/(2/(-24)). What is the remainder when x(f) is divided by 12?
11
Let v be (-1 - 0/(-3))*-15. Let j be (42/v)/(3/60). Suppose -4*l = -8*l + j. What is the remainder when l is divided by 8?
6
Suppose -5*m + 2*x - 4 = -3*m, -4*m + x - 2 = 0. Suppose m*d - 8 = -d. Calculate the remainder when 14 is divided by d.
6
Let k(f) = 2*f**3 - 4*f**2 - 6*f - 8. What is the remainder when k(4) is divided by 18?
14
Let v = 20 - 15. What is the remainder when 12 is divided by v?
2
Let o(u) = -u**3 - 10*u**2 - 5*u - 35. Calculate the remainder when 70 is divided by o(-10).
10
Suppose 0 = -2*d - 0*d + 4*t + 2, -2*t = 3*d - 3. Suppose -a - 4 = -d. What is the remainder when 31 is divided by a + 2 + 10 + 2?
9
Suppose -23 = -u + 4*g, 0*g = -2*u + g + 18. Let y(n) = -n**3 + n**2 + 13. What is the remainder when y(0) is divided by u?
6
Suppose 0 = 3*i - c + 5*c - 2